= -2*q - 54 + 204, 5*z - q - g = 0. What is the tens digit of z?
3
Let h(r) = -2*r**2 - 6*r - 5. Let f(i) = -3*i**2 - 7*i - 6. Let u(d) = -3*f(d) + 4*h(d). Let n be u(3). Let c(j) = j**2 - 2. What is the units digit of c(n)?
2
Let h = 13 - -3. Suppose 26 = 3*v - d, d = 7*v - 5*v - h. What is the units digit of v?
0
Let k = 3 - 0. Let t be (4/6)/((-1)/(-15)). Let v = t - k. What is the units digit of v?
7
Let y(j) = -2*j + 5. Let p be y(0). Suppose -3*l + 4*l = 3*q - 122, -3*q + 146 = p*l. What is the tens digit of q?
4
Let q = -23 - -66. Let b = q - 16. What is the tens digit of b?
2
Let g(x) = -10*x**3 + x**2 - x + 1. Let d be g(1). Let r be (-4)/6*d - -1. Let t = r + 2. What is the units digit of t?
9
Let l(j) = 2*j**2 - 5*j. Let f be l(5). Let p = f + -15. What is the units digit of p?
0
Suppose -4*f - 2*w + 80 = 0, 3*w + 90 = 2*f + 2*f. What is the tens digit of f?
2
Suppose 2 = 5*s - 3. Suppose -4 = -3*z - s. What is the units digit of z?
1
Suppose 8*d - 553 = 207. What is the tens digit of d?
9
Suppose 11*r = 8*r + 408. What is the hundreds digit of r?
1
Let u be 102/24 + 2/(-8). What is the units digit of ((-6)/5)/(u/(-150))?
5
Suppose -3*w + 2*l = -34, 10 = -4*l + 2*l. What is the tens digit of ((-26)/w)/((-1)/8)?
2
Let w(f) = f. Let v(s) = -5*s. Let i(d) = 2*v(d) + 11*w(d). Let c(j) = j**2 - 4*j + 4. Let h be c(5). What is the units digit of i(h)?
9
Suppose 4*y - 100 = -2*x, 3*x - 2*y - 60 = 74. What is the tens digit of x?
4
Let h(z) = -3*z**2 - 5*z + 20. Let g(u) = -4*u**2 - 6*u + 21. Let q(c) = -4*g(c) + 5*h(c). Let y be q(0). What is the units digit of y + (2 - 2) + -2?
4
Suppose 0 = 5*r + w - 0*w - 4, 0 = 4*r + 3*w - 12. Suppose 0 = 2*t - r*t - 8. Suppose 3*y - j = t*j + 21, 2*y - 1 = -j. What is the units digit of y?
2
Let n(b) = -b**3 + 4*b**2 + 5*b + 3. Let k be n(5). What is the units digit of 4 + -7 + (k - -41)?
1
Let b = 5 + -3. Let i = 1 + b. What is the units digit of i?
3
Let b = 6 + -1. Suppose -2*d = -3*k + 8, -3*d + 9 = b*k - 36. What is the units digit of k?
6
Let b(n) = n + 9. Suppose -2*g + 21 = -5*g. Let w be b(g). Suppose 2*c + w = -2*h + h, 16 = h - 4*c. What is the units digit of h?
4
Let p = -26 + 64. Let f be ((-2)/2)/(3/(-6)). Suppose -4*c = f*o - p, 5*c + 2*o = -0*o + 46. What is the units digit of c?
8
Suppose 9 = 3*p - 39. Suppose 2*h + 2*h = -p. What is the units digit of -2*((-50)/h)/(-5)?
5
Suppose -4*k = 2*v - 2, 0*v - k = -2*v + 22. Let m(r) = 2*r - 9. What is the units digit of m(v)?
9
Suppose n = 2*c, 3*c + 0*c - 21 = -2*n. Suppose -22 = -4*i + n. What is the units digit of i?
7
Let t(c) = 4*c**2 + 2*c + 7. What is the hundreds digit of t(-6)?
1
Let m = 153 + -7. What is the tens digit of m?
4
Let j(x) be the third derivative of x**5/60 + x**2. Suppose 0 = -y + 6 - 3. What is the units digit of j(y)?
9
Let a(i) = -13*i - 11. What is the tens digit of a(-3)?
2
What is the units digit of (-2255)/(-25) + (-1 - 12/(-15))?
0
Let p(i) = i**3 - 3*i**2 - 10*i + 7. What is the tens digit of p(6)?
5
Suppose -5*z + 15 + 0 = 0. Suppose 7*f - 48 = z*f. What is the units digit of f?
2
Suppose 5*q + 26 = 71. Let j be (-3 + 0)*(-12)/q. Suppose -59 = -4*c + 2*d - 3, 56 = 4*c + j*d. What is the tens digit of c?
1
Let v(n) = 6*n**3 + 2*n**2 + n + 8. Let o(x) = 7*x**3 + 3*x**2 + x + 9. Let u(y) = -5*o(y) + 6*v(y). What is the units digit of u(3)?
6
What is the units digit of (78/(-24))/13 - (-853)/4?
3
Suppose -2*v + 3*a = -155, 3*a - 167 = -2*v + 2*a. What is the units digit of v?
2
What is the tens digit of 64/2 + -2 + 1?
3
Let r(d) = 3*d**3 + 5*d**2 + 6*d - 4. Let i(z) = 7*z**3 + 11*z**2 + 13*z - 8. Let l(m) = 2*i(m) - 5*r(m). What is the units digit of l(-4)?
6
What is the units digit of (-2)/(4/(-6)) - -35?
8
Suppose 4*t + 5*b = -0*t + 8, 2*t - 4 = b. Suppose -5 + t = -3*p. What is the units digit of p?
1
Let i(m) = 2*m**3 + 3*m**2. Let c be i(-2). Let t be c*(1 + 1)/(-4). Suppose -2*a - t*u + 26 = 3*u, 0 = 3*a + u - 13. What is the units digit of a?
3
Suppose -8*c + 12*c - 84 = 0. What is the units digit of c?
1
Let a(l) = -2*l + 6. Let t(f) = f - 5. Let r(y) = 4*a(y) + 5*t(y). What is the units digit of r(-2)?
5
Suppose -2*q + 3*q + 5*k = 195, -5*q + 915 = -5*k. What is the hundreds digit of q?
1
Let d(k) = k**3 + 8*k**2 + 2*k + 12. Let o be d(-8). Suppose 4*j + 2*c = 66, 50 = 7*j - 2*j - 4*c. Let x = j + o. What is the tens digit of x?
1
Suppose 0 = -2*t + x + 3*x + 8, -7 = 5*t - x. What is the units digit of 3 + (-1)/(-2)*t?
2
Let h(d) = 1 + 10*d + 0*d - 2. Let o be h(1). What is the units digit of -6*(6/o + -1)?
2
Let v(m) = -m**3 - 2*m**2 - 3*m - 1. What is the units digit of v(-3)?
7
Suppose n + 0 + 6 = 0. Let g = n + 4. What is the units digit of (3 - 14/4)*g?
1
Let x = 271 + 132. What is the units digit of x?
3
Suppose 2*z - 3*z - 3*m = 7, -37 = z - 3*m. Let s = z - -39. What is the units digit of s?
7
Suppose -3*r = 8 + 1, -r - 630 = -3*v. What is the units digit of v?
9
Suppose x + 4*x = 0. Suppose -t = -x*t. Suppose -b - 3*d - 1 - 3 = 0, -4*b - 4*d = t. What is the units digit of b?
2
Let k(y) = y**3 - 5*y**2 - 6*y + 4. Let f(a) = -a**3 + 3*a**2 + 5*a + 2. Let s be f(4). What is the units digit of k(s)?
4
Let q(r) be the third derivative of -r**4/24 - r**3/6 + r**2. Let i be q(-4). Let u = -2 + i. What is the units digit of u?
1
Suppose 3*v - 8 = 1. Suppose v*i = 44 + 82. Suppose f = -h + 13, -h + 2*f = -5*h + i. What is the units digit of h?
8
Let h be 24/20*10/3. Suppose -h*g + 13 = 1. What is the units digit of ((-4)/(-6))/(2/g)?
1
Suppose 0*p - 6*p = -624. What is the units digit of p?
4
Let s(r) = -2*r**2 + 15*r + 6. Let c be s(8). Let q(i) = -7*i + 3. What is the units digit of q(c)?
7
Let n = -5 + 8. Let y = 7 - n. Suppose 0 = y*i - 0*i - 2*m - 36, -3*i + 5*m = -41. What is the units digit of i?
7
Let l be (-4)/2*(-9)/6. Suppose -34 = -2*u - 4*q + 3*q, 0 = l*u + 4*q - 61. What is the tens digit of u?
1
Let l(h) = -8*h + 2. What is the tens digit of l(-10)?
8
Suppose 56 = 3*r - 115. Suppose 5*k - r = 2*k. What is the units digit of k?
9
Let z = -25 + 42. What is the tens digit of z?
1
Suppose 2*i - 140 = -2*f + 86, 2*f - 226 = 5*i. What is the hundreds digit of f?
1
Let o = 13 - 18. What is the tens digit of (2/o)/((-7)/630)?
3
Let k(y) = 1 + 1 - y - y**2 - 3*y. Let j be k(-4). Suppose -t + 1 = -j. What is the units digit of t?
3
Suppose -5*f - 3*d = -597, 3*f + 0*f + 4*d - 367 = 0. What is the units digit of f?
7
Let z(x) = -x**2 - 13*x + 7. What is the tens digit of z(-10)?
3
Suppose -9 = -3*c - 6. Let s(v) = 9*v**3 + 2*v - 2. What is the units digit of s(c)?
9
Suppose 0 = -5*z - 0*z - 35. Let n be (-2)/z - 540/(-21). Let b = -18 + n. What is the units digit of b?
8
Suppose -2*g + 4 = -2*s, -2*g + 0*g = -4*s. Suppose 5*k - 39 = -4*c, -3 - 6 = -k - s*c. What is the units digit of k?
7
Suppose -5*z - 31 = -2*z + v, 3*v - 15 = 0. Suppose 0 = -t + 20 + 2. What is the units digit of (-4)/z - t/(-6)?
4
Suppose -4*l - 2*m = -l - 171, 0 = -4*l + 3*m + 245. Let r = -41 + l. What is the tens digit of r?
1
Let x = 1 - -4. Suppose -5*z + x = -25. What is the units digit of z?
6
Let d(s) = -2*s**2 + 1 - 3*s**3 + 2*s + 4*s**3 - 3*s + 6*s**2. Suppose 3 = -i - 1. What is the units digit of d(i)?
5
Let t = -29 + 42. What is the tens digit of t?
1
Let a be (-62)/8 + (-4)/16. Let g = -5 - a. What is the units digit of g?
3
Suppose 152 + 164 = -4*z. Let j = -51 - z. What is the units digit of j?
8
Suppose -3*p + 410 = 2*p. Suppose 5*y - p = -2. What is the tens digit of y?
1
Let l = 11 + 16. What is the tens digit of l?
2
Let r = -102 - -256. What is the units digit of r?
4
Suppose -2*w + 70 = 4*t, 2*t + 0*t - w = 45. What is the units digit of t?
0
Let i(b) = -b + 3. Let w = 3 - 3. Suppose -4*l + 27 = -5*n, 2*n + 0*n + l + 3 = w. What is the units digit of i(n)?
6
Let b(i) = -i + 11. Let f be b(8). Suppose -f*l + 4 = 13. What is the units digit of l/(-6) + 13/2?
7
Suppose -6*l - 3*c = -l - 192, 4 = c. What is the units digit of l?
6
Let z = -12 - -10. What is the units digit of (-13)/z + (-3)/(-6)?
7
Suppose -2*k + 4*c = 2, 2*c = -5*k - 3*c + 55. Let n(s) = -s**3 + 7*s**2 + 3*s - 10. What is the tens digit of n(k)?
1
Suppose 15*q = -0*q + 2100. What is the tens digit of q?
4
Let j(x) = -x**2 + 7*x - 6. Let 